False
Is 104662 a multiple of 352?
False
Is 18 a factor of 570?
False
Does 20 divide 22269?
False
Is 11 a factor of 5918?
True
Is 4747 a multiple of 46?
False
Is 30 a factor of 1140?
True
Is 9 a factor of 58122?
True
Is 1687 a multiple of 9?
False
Does 38 divide 4484?
True
Does 31 divide 1488?
True
Is 1536 a multiple of 5?
False
Does 19 divide 1682?
False
Is 14 a factor of 40964?
True
Is 28 a multiple of 2?
True
Is 29329 a multiple of 20?
False
Is 1045 a multiple of 63?
False
Is 11 a factor of 297?
True
Is 486 a multiple of 18?
True
Does 45 divide 810?
True
Is 1120 a multiple of 16?
True
Is 3922 a multiple of 22?
False
Is 23493 a multiple of 52?
False
Is 137 a factor of 6332?
False
Does 16 divide 1144?
False
Is 2695 a multiple of 11?
True
Is 104 a factor of 141?
False
Does 4 divide 1316?
True
Does 211 divide 7596?
True
Is 1185 a multiple of 15?
True
Is 835 a multiple of 167?
True
Does 25 divide 14569?
False
Does 39 divide 6216?
False
Does 14 divide 784?
True
Is 27096 a multiple of 177?
False
Is 9075 a multiple of 11?
True
Does 9 divide 4456?
False
Is 38 a factor of 6811?
False
Is 137 a multiple of 7?
False
Does 18 divide 354?
False
Does 9 divide 6151?
False
Does 26 divide 3924?
False
Is 181 a factor of 112401?
True
Is 245 a multiple of 28?
False
Does 156 divide 22464?
True
Is 36 a factor of 792?
True
Is 9 a factor of 335?
False
Is 18057 a multiple of 39?
True
Is 16 a factor of 14033?
False
Is 9 a factor of 8065?
False
Does 28 divide 12572?
True
Is 9 a factor of 467?
False
Is 21 a factor of 675?
False
Is 9 a factor of 6579?
True
Is 33 a factor of 11739?
False
Is 12 a factor of 570?
False
Does 3 divide 148?
False
Does 31 divide 1116?
True
Is 1797 a multiple of 3?
True
Is 63 a factor of 1653?
False
Is 46232 a multiple of 326?
False
Is 28 a factor of 7028?
True
Does 9 divide 433?
False
Is 45 a factor of 1188?
False
Is 1071 a multiple of 9?
True
Is 6413 a multiple of 7?
False
Is 22 a factor of 575?
False
Is 5150 a multiple of 13?
False
Does 18 divide 1458?
True
Is 15747 a multiple of 36?
False
Is 18336 a multiple of 191?
True
Does 20 divide 20280?
True
Is 2463 a multiple of 12?
False
Does 101 divide 6969?
True
Is 2 a factor of 26?
True
Does 35 divide 3815?
True
Does 58 divide 22773?
False
Is 877 a multiple of 81?
False
Does 2 divide 4297?
False
Is 20 a factor of 6024?
False
Is 148 a factor of 3648?
False
Is 4560 a multiple of 8?
True
Does 53 divide 5633?
False
Does 58 divide 6085?
False
Is 249 a multiple of 14?
False
Is 178 a multiple of 60?
False
Is 13 a factor of 14976?
True
Is 2618 a multiple of 14?
True
Is 2416 a multiple of 16?
True
Is 484 a multiple of 11?
True
Is 4 a factor of 3901?
False
Is 7 a factor of 784?
True
Is 20 a factor of 1147?
False
Does 19 divide 28994?
True
Is 341 a multiple of 11?
True
Is 2 a factor of 194?
True
Does 7 divide 36869?
True
Does 32 divide 2140?
False
Does 11 divide 36553?
True
Does 326 divide 7988?
False
Is 10 a factor of 51705?
False
Is 26 a factor of 3005?
False
Is 560 a multiple of 35?
True
Is 13 a factor of 364?
True
Is 6566 a multiple of 98?
True
Is 17460 a multiple of 9?
True
Does 59 divide 14337?
True
Is 12 a factor of 103724?
False
Is 18942 a multiple of 21?
True
Is 62 a factor of 49166?
True
Is 3981 a multiple of 86?
False
Is 3 a factor of 1445?
False
Does 4 divide 1047?
False
Does 9 divide 5227?
False
Is 6567 a multiple of 33?
True
Is 63 a multiple of 7?
True
Is 288 a factor of 576?
True
Is 11651 a multiple of 12?
False
Is 8 a factor of 695?
False
Does 6 divide 2290?
False
Is 137 a multiple of 3?
False
Is 231 a factor of 20767?
False
Is 162 a multiple of 27?
True
Is 4186 a multiple of 12?
False
Is 17 a factor of 2428?
False
Is 650 a multiple of 6?
False
Does 5 divide 184?
False
Is 10208 a multiple of 58?
True
Is 34 a factor of 13388?
False
Is 448 a multiple of 64?
True
Is 16591 a multiple of 48?
False
Does 24 divide 480?
True
Is 7 a factor of 545?
False
Does 6 divide 8316?
True
Does 34 divide 3285?
False
Is 71 a factor of 1065?
True
Is 112 a factor of 2112?
False
Does 60 divide 20508?
False
Is 2 a factor of 3031?
False
Is 4734 a multiple of 69?
False
Is 42 a factor of 68?
False
Does 46 divide 1896?
False
Is 1065 a multiple of 4?
False
Is 6600 a multiple of 60?
True
Is 110616 a multiple of 22?
True
Is 1019 a multiple of 19?
False
Is 62 a factor of 14012?
True
Is 38 a factor of 38?
True
Is 17 a factor of 13529?
False
Does 32 divide 5216?
True
Is 4455 a multiple of 17?
False
Does 116 divide 1766?
False
Is 152 a factor of 52685?
False
Does 18 divide 18?
True
Is 200 a multiple of 20?
True
Is 67 a factor of 74839?
True
Is 82 a factor of 14998?
False
Does 11 divide 13838?
True
Is 116 a factor of 3333?
False
Does 43 divide 344?
True
Does 31 divide 465?
True
Does 4 divide 381?
False
Is 149 a factor of 119200?
True
Is 374 a multiple of 4?
False
Does 62 divide 1029?
False
Is 17 a factor of 3009?
True
Is 18 a factor of 1692?
True
Does 36 divide 3096?
True
Is 476 a multiple of 34?
True
Is 6 a factor of 972?
True
Does 7 divide 1627?
False
Does 96 divide 238?
False
Is 49 a factor of 7056?
True
Is 4 a factor of 108?
True
Is 12 a factor of 886?
False
Is 888 a multiple of 23?
False
Is 5 a factor of 430?
True
Does 5 divide 50?
True
Is 5 a factor of 1523?
False
Is 1232 a multiple of 22?
True
Does 34 divide 2006?
True
Does 55 divide 846?
False
Is 4 a factor of 208?
True
Is 142 a factor of 23293?
False
Does 70 divide 45471?
False
Is 283 a factor of 1981?
True
Is 18 a factor of 1872?
True
Does 102 divide 11917?
False
Does 19 divide 3192?
True
Does 3 divide 482?
False
Is 95 a factor of 13796?
False
Is 4324 a multiple of 94?
True
Is 9 a factor of 387?
True
Is 92 a multiple of 4?
True
Is 8 a factor of 208?
True
Does 11 divide 2332?
True
Is 59859 a multiple of 9?
True
Is 12 a factor of 506?
False
Does 15 divide 4335?
True
Is 168 a factor of 62774?
False
Does 199 divide 20497?
True
Is 396 a multiple of 44?
True
Is 23 a factor of 325?
False
Is 26 a factor of 1898?
True
Is 16 a factor of 432?
True
Does 227 divide 55405?
False
Is 6 a factor of 15402?
True
Does 2 divide 18?
True
Is 169 a factor of 26844?
False
Does 6 divide 2626?
False
Does 15 divide 4335?
True
Is 25 a factor of 21083?
False
Is 12 a factor of 2748?
True
Is 3 a factor of 1634?
False
Is 8 a factor of 69?
False
Does 14 divide 112?
True
Is 117 a multiple of 4?
False
Does 14 divide 3234?
True
Does 167 divide 5959?
False
Does 33 divide 4983?
True
Is 1591 a multiple of 15?
False
Is 1515 a multiple of 10?
False
Is 28 a factor of 3388?
True
Does 20 divide 600?
True
Is 13 a factor of 423?
False
Is 1955 a multiple of 9?
False
Does 26 divide 5382?
True
Is 20 a factor of 539?
False
Is 20 a factor of 180?
True
Does 457 divide 61238?
True
Is 5008 a multiple of 79?
False
Is 7147 a multiple of 27?
False
Does 31 divide 206?
False
Is 3073 a multiple of 26?
False
Is 14 a factor of 47953?
False
Is 9 a factor of 1111?
False
Does 12 divide 1086?
False
Is 20 a factor of 260?
True
Does 81 divide 816?
False
Does 2 divide 754?
True
Is 101 a factor of 9604?
False
Does 12 divide 56?
False
Is 540 a multiple of 45?
True
Is 2992 a multiple of 88?
True
Does 12 divide 6644?
False
Is 16180 a multiple of 28?
False
Is 12 a factor of 660?
True
Is 248 a multiple of 14?
False
Is 1419 a multiple of 11?
True
Does 15 divide 1179?
False
Does 3 divide 324?
True
Is 14762 a multiple of 22?
True
Does 7 divide 12012?
True
Does 46 divide 5970?
False
Does 23 divide 1242?
True
Is 5883 a multiple of 53?
True
Is 4 a factor of 12336?
True
Does 19 divide 779?
True
Is 6 a factor of 1896?
True
Does 37 divide 3404?
True
Does 6 divide 84?
True
Does 8 divide 1936?
True
Is 1035 a multiple of 14?
False
Does 27 divide 2147?
False
Does 10 divide 615?
False
Is 247 a multiple of 13?
True
Does 31 divide 3565?
True
Is 1172 a multiple of 4?
True
Does 3 divide 16187?
False
Is 157 a multiple of 35?
False
Is 13 a factor of 690?
False
Is 33384 a multiple of 156?
True
Is 16324 a multiple of 212?
True
Is 362 even?
True
Is 33 a factor of 73810?
False
Does 58 divide 2088?
True
Does 3 divide 1257?
True
Is 4 a factor of 266?
False
Is 9 a factor of 891?
True
Does 40 divide 2160?
True
Does 4 divide 2961?
False
Is 8 a factor of 953?
False
Does 3 divide 171?
True
Is 18 a factor of 275?
False
Is 49 a factor of 294?
True
Is 17648 a multiple of 16?